{"id":127,"date":"2023-04-21T00:54:45","date_gmt":"2023-04-21T00:54:45","guid":{"rendered":"https:\/\/fmactiv.org\/?page_id=127"},"modified":"2023-04-25T02:05:20","modified_gmt":"2023-04-25T02:05:20","slug":"capacitacion-y-certificacion","status":"publish","type":"page","link":"https:\/\/fmactiv.org\/index.php\/capacitacion-y-certificacion\/","title":{"rendered":"Capacitaci\u00f3n y Certificaci\u00f3n"},"content":{"rendered":"\n<p><\/p>\n\n\n\n<figure class=\"wp-block-image size-large is-resized\"><img loading=\"lazy\" decoding=\"async\" src=\"https:\/\/fmactiv.org\/wp-content\/uploads\/2023\/04\/profezional-1024x296.jpeg\" alt=\"\" class=\"wp-image-60\" width=\"234\" height=\"67\" srcset=\"https:\/\/fmactiv.org\/wp-content\/uploads\/2023\/04\/profezional-1024x296.jpeg 1024w, https:\/\/fmactiv.org\/wp-content\/uploads\/2023\/04\/profezional-300x87.jpeg 300w, https:\/\/fmactiv.org\/wp-content\/uploads\/2023\/04\/profezional-768x222.jpeg 768w, https:\/\/fmactiv.org\/wp-content\/uploads\/2023\/04\/profezional-1536x444.jpeg 1536w, https:\/\/fmactiv.org\/wp-content\/uploads\/2023\/04\/profezional.jpeg 1600w\" sizes=\"auto, (max-width: 234px) 100vw, 234px\" \/><\/figure>\n\n\n\n<p><\/p>\n\n\n\n<p><strong><mark style=\"background-color:rgba(0, 0, 0, 0)\" class=\"has-inline-color has-black-color\">Profeshzional es un programa de Desarrollo Profesional y Humano de FMACTIV que ofrece capacitaci\u00f3n, certificaci\u00f3n y\/o asesor\u00eda dirigido a trabajadores, profesionales, microempresas y centros en el segmento de experiencias <\/mark><\/strong><\/p>\n\n\n\n<p><strong><mark style=\"background-color:rgba(0, 0, 0, 0)\" class=\"has-inline-color has-black-color\">Certificaciones que ofrece fmactiv<\/mark><\/strong> <strong><mark style=\"background-color:rgba(0, 0, 0, 0)\" class=\"has-inline-color has-black-color\">entre otras:<\/mark><\/strong><\/p>\n\n\n\n<p><\/p>\n\n\n\n<div class=\"wp-block-columns is-layout-flex wp-container-core-columns-is-layout-9d6595d7 wp-block-columns-is-layout-flex\">\n<div class=\"wp-block-column is-layout-flow wp-block-column-is-layout-flow\">\n<p><strong><mark style=\"background-color:rgba(0, 0, 0, 0)\" class=\"has-inline-color has-vivid-cyan-blue-color\">Certificado en Coordinador de Grupos<\/mark><\/strong><\/p>\n<\/div>\n\n\n\n<div class=\"wp-block-column is-layout-flow wp-block-column-is-layout-flow\">\n<p><strong><mark style=\"background-color:rgba(0, 0, 0, 0)\" class=\"has-inline-color has-black-color\">Tiene por objetivo.- La capacidad de respuesta de la persona en operaci\u00f3n, basada en la pir\u00e1mide de Maslow y se divide en cuatro M\u00f3dulos\u00a0<\/mark><\/strong><\/p>\n<\/div>\n\n\n\n<div class=\"wp-block-column is-layout-flow wp-block-column-is-layout-flow\"><div class=\"wp-block-image\">\n<figure class=\"aligncenter size-large\"><img loading=\"lazy\" decoding=\"async\" width=\"1024\" height=\"622\" src=\"https:\/\/fmactiv.org\/wp-content\/uploads\/2023\/04\/corrdinad-1024x622.jpg\" alt=\"\" class=\"wp-image-232\" srcset=\"https:\/\/fmactiv.org\/wp-content\/uploads\/2023\/04\/corrdinad-1024x622.jpg 1024w, https:\/\/fmactiv.org\/wp-content\/uploads\/2023\/04\/corrdinad-300x182.jpg 300w, https:\/\/fmactiv.org\/wp-content\/uploads\/2023\/04\/corrdinad-768x467.jpg 768w, https:\/\/fmactiv.org\/wp-content\/uploads\/2023\/04\/corrdinad.jpg 1188w\" sizes=\"auto, (max-width: 1024px) 100vw, 1024px\" \/><\/figure><\/div><\/div>\n<\/div>\n\n\n\n<p><\/p>\n\n\n\n<div class=\"wp-block-columns is-layout-flex wp-container-core-columns-is-layout-9d6595d7 wp-block-columns-is-layout-flex\">\n<div class=\"wp-block-column is-layout-flow wp-block-column-is-layout-flow\">\n<p><strong><mark style=\"background-color:rgba(0, 0, 0, 0)\" class=\"has-inline-color has-vivid-cyan-blue-color\">Certificado en Recreaci\u00f3n y Animaci\u00f3n Tur\u00edstica <\/mark><\/strong><\/p>\n<\/div>\n\n\n\n<div class=\"wp-block-column is-layout-flow wp-block-column-is-layout-flow\">\n<p><strong><mark style=\"background-color:rgba(0, 0, 0, 0)\" class=\"has-inline-color has-black-color\">Tiene por objetivo.- Desarrollar din\u00e1micas en recreaci\u00f3n que facilite la labor con los grupos infantiles, juveniles, adultos y tercera edad. <\/mark><\/strong><\/p>\n<\/div>\n\n\n\n<div class=\"wp-block-column is-layout-flow wp-block-column-is-layout-flow\"><div class=\"wp-block-image\">\n<figure class=\"aligncenter size-full\"><img loading=\"lazy\" decoding=\"async\" width=\"548\" height=\"276\" src=\"https:\/\/fmactiv.org\/wp-content\/uploads\/2023\/04\/animacion-alberca.jpg\" alt=\"\" class=\"wp-image-236\" srcset=\"https:\/\/fmactiv.org\/wp-content\/uploads\/2023\/04\/animacion-alberca.jpg 548w, https:\/\/fmactiv.org\/wp-content\/uploads\/2023\/04\/animacion-alberca-300x151.jpg 300w\" sizes=\"auto, (max-width: 548px) 100vw, 548px\" \/><\/figure><\/div><\/div>\n<\/div>\n\n\n\n<p><\/p>\n\n\n\n<div class=\"wp-block-columns is-layout-flex wp-container-core-columns-is-layout-9d6595d7 wp-block-columns-is-layout-flex\">\n<div class=\"wp-block-column is-layout-flow wp-block-column-is-layout-flow\">\n<p><strong><mark style=\"background-color:rgba(0, 0, 0, 0)\" class=\"has-inline-color has-vivid-cyan-blue-color\">Certificado en Event Manager<\/mark><\/strong><\/p>\n<\/div>\n\n\n\n<div class=\"wp-block-column is-layout-flow wp-block-column-is-layout-flow\">\n<p><strong><mark style=\"background-color:rgba(0, 0, 0, 0)\" class=\"has-inline-color has-black-color\">Tiene por objetivo.- Desarrollar t\u00e9cnicas que faciliten la coordinaci\u00f3n de eventos, congresos, convenciones, as\u00ed como eventos masivos y\/o multitudinarios<\/mark><\/strong><\/p>\n<\/div>\n\n\n\n<div class=\"wp-block-column is-layout-flow wp-block-column-is-layout-flow\"><div class=\"wp-block-image\">\n<figure class=\"aligncenter size-large is-resized\"><img loading=\"lazy\" decoding=\"async\" src=\"https:\/\/fmactiv.org\/wp-content\/uploads\/2023\/04\/IMG_1813-1024x765.jpg\" alt=\"\" class=\"wp-image-241\" width=\"235\" height=\"175\" srcset=\"https:\/\/fmactiv.org\/wp-content\/uploads\/2023\/04\/IMG_1813-1024x765.jpg 1024w, https:\/\/fmactiv.org\/wp-content\/uploads\/2023\/04\/IMG_1813-300x224.jpg 300w, https:\/\/fmactiv.org\/wp-content\/uploads\/2023\/04\/IMG_1813-768x574.jpg 768w, https:\/\/fmactiv.org\/wp-content\/uploads\/2023\/04\/IMG_1813-1536x1147.jpg 1536w, https:\/\/fmactiv.org\/wp-content\/uploads\/2023\/04\/IMG_1813-2048x1530.jpg 2048w, https:\/\/fmactiv.org\/wp-content\/uploads\/2023\/04\/IMG_1813-1446x1080.jpg 1446w\" sizes=\"auto, (max-width: 235px) 100vw, 235px\" \/><\/figure><\/div><\/div>\n<\/div>\n\n\n\n<p><\/p>\n\n\n\n<div class=\"wp-block-columns is-layout-flex wp-container-core-columns-is-layout-9d6595d7 wp-block-columns-is-layout-flex\">\n<div class=\"wp-block-column is-layout-flow wp-block-column-is-layout-flow\">\n<p><strong><mark style=\"background-color:rgba(0, 0, 0, 0)\" class=\"has-inline-color has-vivid-cyan-blue-color\">Calidad en el Servicio<\/mark><\/strong><\/p>\n<\/div>\n\n\n\n<div class=\"wp-block-column is-layout-flow wp-block-column-is-layout-flow\">\n<p><strong><mark style=\"background-color:rgba(0, 0, 0, 0)\" class=\"has-inline-color has-black-color\">Tiene por objetivo.- Conceptualizar, integrar y mejorar la calidad en el servicio, teniendo una mejora continua en los procesos y una participaci\u00f3n activa del personal de primer contacto<\/mark><\/strong><\/p>\n<\/div>\n\n\n\n<div class=\"wp-block-column is-layout-flow wp-block-column-is-layout-flow\"><div class=\"wp-block-image\">\n<figure class=\"aligncenter size-full is-resized\"><img loading=\"lazy\" decoding=\"async\" src=\"https:\/\/fmactiv.org\/wp-content\/uploads\/2023\/04\/IMG_1849-e1682386153193.jpg\" alt=\"\" class=\"wp-image-244\" width=\"225\" height=\"150\" srcset=\"https:\/\/fmactiv.org\/wp-content\/uploads\/2023\/04\/IMG_1849-e1682386153193.jpg 748w, https:\/\/fmactiv.org\/wp-content\/uploads\/2023\/04\/IMG_1849-e1682386153193-300x200.jpg 300w\" sizes=\"auto, (max-width: 225px) 100vw, 225px\" \/><\/figure><\/div><\/div>\n<\/div>\n\n\n\n<p><\/p>\n\n\n\n<p><\/p>\n\n\n\n<div class=\"wp-block-columns is-layout-flex wp-container-core-columns-is-layout-9d6595d7 wp-block-columns-is-layout-flex\">\n<div class=\"wp-block-column is-layout-flow wp-block-column-is-layout-flow\">\n<p><strong><mark style=\"background-color:rgba(0, 0, 0, 0)\" class=\"has-inline-color has-vivid-cyan-blue-color\">\u00bfPorqu\u00e9 certificarme?<\/mark><\/strong><\/p>\n\n\n\n<p class=\"has-text-align-left\"><strong><mark style=\"background-color:rgba(0, 0, 0, 0)\" class=\"has-inline-color has-black-color\">Los certificados son fundamentales para demostrar la formaci\u00f3n y la experiencia de una persona f\u00edsica y\/o moral, solo para constatar un determinado hecho en el proceso de solicitud de un puesto de trabajo y\/o promoci\u00f3n en el servicio<\/mark><\/strong>. <\/p>\n\n\n\n<p><strong><mark style=\"background-color:rgba(0, 0, 0, 0)\" class=\"has-inline-color has-black-color\">El certificado <u>no<\/u> es un t\u00edtulo acad\u00e9mico y solo corresponde a una persona f\u00edsica o persona moral que cumple con los est\u00e1ndares m\u00ednimos para desempe\u00f1ar una labor en un \u00e1rea determinada, por otra parte el t\u00edtulo acad\u00e9mico es formativo en un desarrollo integral y est\u00e1 por ley y asignaturas acorde al perfil seleccionado sin embargo una certificado es opcional, voluntario y s\u00f3lo es para una t\u00e9cnica de especializaci\u00f3n.<\/mark><\/strong><\/p>\n\n\n\n<p><strong><mark style=\"background-color:rgba(0, 0, 0, 0)\" class=\"has-inline-color has-black-color\">Los certificados tienen valides\u00a0 por un tiempo determinado siendo \u00e9ste para recertificarse, comprobando que la persona f\u00edsica y \/o moral haya\u00a0 desarrollado los est\u00e1ndares y procesos t\u00e9cnicos para seguir conservado su certificado<\/mark><\/strong>.<\/p>\n\n\n\n<p><strong><mark style=\"background-color:rgba(0, 0, 0, 0)\" class=\"has-inline-color has-luminous-vivid-orange-color\">La Federaci\u00f3n Mexicana de Actividades Tur\u00edsticas A.C. (FMACTIV) <\/mark><mark style=\"background-color:rgba(0, 0, 0, 0)\" class=\"has-inline-color has-black-color\">certifica a personas f\u00edsicas y a personas morales respaldando sus habilidades \u00a0en el servicio para el manejo en grupos \u00a0para ello emite un certificado ponderando la capacidad de respuesta otorgando una metodolog\u00eda para la formaci\u00f3n t\u00e9cnica y humana, siendo \u00e9ste el valor m\u00e1s alto para un servicio<\/mark><\/strong>.<\/p>\n\n\n\n<p><\/p>\n\n\n\n<figure class=\"wp-block-gallery has-nested-images columns-default is-cropped wp-block-gallery-1 is-layout-flex wp-block-gallery-is-layout-flex\">\n<figure class=\"wp-block-image size-large\"><img loading=\"lazy\" decoding=\"async\" width=\"325\" height=\"255\" data-id=\"250\" src=\"https:\/\/fmactiv.org\/wp-content\/uploads\/2023\/04\/clausura-016.jpg\" alt=\"\" class=\"wp-image-250\" srcset=\"https:\/\/fmactiv.org\/wp-content\/uploads\/2023\/04\/clausura-016.jpg 325w, https:\/\/fmactiv.org\/wp-content\/uploads\/2023\/04\/clausura-016-300x235.jpg 300w\" sizes=\"auto, (max-width: 325px) 100vw, 325px\" \/><\/figure>\n\n\n\n<figure class=\"wp-block-image size-large\"><img loading=\"lazy\" decoding=\"async\" width=\"750\" height=\"458\" data-id=\"252\" src=\"https:\/\/fmactiv.org\/wp-content\/uploads\/2023\/04\/COLASH-1-CURSOS-DE-VERANO.jpg\" alt=\"\" class=\"wp-image-252\" srcset=\"https:\/\/fmactiv.org\/wp-content\/uploads\/2023\/04\/COLASH-1-CURSOS-DE-VERANO.jpg 750w, https:\/\/fmactiv.org\/wp-content\/uploads\/2023\/04\/COLASH-1-CURSOS-DE-VERANO-300x183.jpg 300w\" sizes=\"auto, (max-width: 750px) 100vw, 750px\" \/><\/figure>\n\n\n\n<figure class=\"wp-block-image size-large\"><img loading=\"lazy\" decoding=\"async\" width=\"800\" height=\"400\" data-id=\"249\" src=\"https:\/\/fmactiv.org\/wp-content\/uploads\/2023\/04\/COLASH-2.jpg\" alt=\"\" class=\"wp-image-249\" srcset=\"https:\/\/fmactiv.org\/wp-content\/uploads\/2023\/04\/COLASH-2.jpg 800w, https:\/\/fmactiv.org\/wp-content\/uploads\/2023\/04\/COLASH-2-300x150.jpg 300w, https:\/\/fmactiv.org\/wp-content\/uploads\/2023\/04\/COLASH-2-768x384.jpg 768w\" sizes=\"auto, (max-width: 800px) 100vw, 800px\" \/><figcaption class=\"wp-element-caption\">GP<\/figcaption><\/figure>\n\n\n\n<figure class=\"wp-block-image size-large\"><img loading=\"lazy\" decoding=\"async\" width=\"800\" height=\"508\" data-id=\"254\" src=\"https:\/\/fmactiv.org\/wp-content\/uploads\/2023\/04\/COLASH-3.jpg\" alt=\"\" class=\"wp-image-254\" srcset=\"https:\/\/fmactiv.org\/wp-content\/uploads\/2023\/04\/COLASH-3.jpg 800w, https:\/\/fmactiv.org\/wp-content\/uploads\/2023\/04\/COLASH-3-300x191.jpg 300w, https:\/\/fmactiv.org\/wp-content\/uploads\/2023\/04\/COLASH-3-768x488.jpg 768w\" sizes=\"auto, (max-width: 800px) 100vw, 800px\" \/><\/figure>\n\n\n\n<figure class=\"wp-block-image size-large\"><img loading=\"lazy\" decoding=\"async\" width=\"800\" height=\"500\" data-id=\"257\" src=\"https:\/\/fmactiv.org\/wp-content\/uploads\/2023\/04\/COLASH-4.jpg\" alt=\"\" class=\"wp-image-257\" srcset=\"https:\/\/fmactiv.org\/wp-content\/uploads\/2023\/04\/COLASH-4.jpg 800w, https:\/\/fmactiv.org\/wp-content\/uploads\/2023\/04\/COLASH-4-300x188.jpg 300w, https:\/\/fmactiv.org\/wp-content\/uploads\/2023\/04\/COLASH-4-768x480.jpg 768w\" sizes=\"auto, (max-width: 800px) 100vw, 800px\" \/><\/figure>\n\n\n\n<figure class=\"wp-block-image size-large\"><img loading=\"lazy\" decoding=\"async\" width=\"800\" height=\"482\" data-id=\"256\" src=\"https:\/\/fmactiv.org\/wp-content\/uploads\/2023\/04\/COLASH-5.jpg\" alt=\"\" class=\"wp-image-256\" srcset=\"https:\/\/fmactiv.org\/wp-content\/uploads\/2023\/04\/COLASH-5.jpg 800w, https:\/\/fmactiv.org\/wp-content\/uploads\/2023\/04\/COLASH-5-300x181.jpg 300w, https:\/\/fmactiv.org\/wp-content\/uploads\/2023\/04\/COLASH-5-768x463.jpg 768w\" sizes=\"auto, (max-width: 800px) 100vw, 800px\" \/><\/figure>\n\n\n\n<figure class=\"wp-block-image size-large\"><img loading=\"lazy\" decoding=\"async\" width=\"800\" height=\"448\" data-id=\"259\" src=\"https:\/\/fmactiv.org\/wp-content\/uploads\/2023\/04\/COLASH-6.jpg\" alt=\"\" class=\"wp-image-259\" srcset=\"https:\/\/fmactiv.org\/wp-content\/uploads\/2023\/04\/COLASH-6.jpg 800w, https:\/\/fmactiv.org\/wp-content\/uploads\/2023\/04\/COLASH-6-300x168.jpg 300w, https:\/\/fmactiv.org\/wp-content\/uploads\/2023\/04\/COLASH-6-768x430.jpg 768w\" sizes=\"auto, (max-width: 800px) 100vw, 800px\" \/><\/figure>\n\n\n\n<figure class=\"wp-block-image size-large\"><img loading=\"lazy\" decoding=\"async\" width=\"763\" height=\"527\" data-id=\"258\" src=\"https:\/\/fmactiv.org\/wp-content\/uploads\/2023\/04\/COLASH-7.jpg\" alt=\"\" class=\"wp-image-258\" srcset=\"https:\/\/fmactiv.org\/wp-content\/uploads\/2023\/04\/COLASH-7.jpg 763w, https:\/\/fmactiv.org\/wp-content\/uploads\/2023\/04\/COLASH-7-300x207.jpg 300w\" sizes=\"auto, (max-width: 763px) 100vw, 763px\" \/><\/figure>\n\n\n\n<figure class=\"wp-block-image size-large\"><img loading=\"lazy\" decoding=\"async\" width=\"800\" height=\"508\" data-id=\"255\" src=\"https:\/\/fmactiv.org\/wp-content\/uploads\/2023\/04\/COLASH-33.jpg\" alt=\"\" class=\"wp-image-255\" srcset=\"https:\/\/fmactiv.org\/wp-content\/uploads\/2023\/04\/COLASH-33.jpg 800w, https:\/\/fmactiv.org\/wp-content\/uploads\/2023\/04\/COLASH-33-300x191.jpg 300w, https:\/\/fmactiv.org\/wp-content\/uploads\/2023\/04\/COLASH-33-768x488.jpg 768w\" sizes=\"auto, (max-width: 800px) 100vw, 800px\" \/><\/figure>\n<\/figure>\n<\/div>\n<\/div>\n","protected":false},"excerpt":{"rendered":"<p>Profeshzional es un programa de Desarrollo Profesional y Humano de FMACTIV que ofrece capacitaci\u00f3n, certificaci\u00f3n y\/o asesor\u00eda dirigido a trabajadores, profesionales, microempresas y centros en el segmento de experiencias Certificaciones que ofrece fmactiv entre otras: Certificado en Coordinador de Grupos Tiene por objetivo.- La capacidad de respuesta de la persona en operaci\u00f3n, basada en la&hellip; <br \/> <a class=\"read-more\" href=\"https:\/\/fmactiv.org\/index.php\/capacitacion-y-certificacion\/\">Leer m\u00e1s<\/a><\/p>\n","protected":false},"author":1,"featured_media":0,"parent":0,"menu_order":0,"comment_status":"closed","ping_status":"closed","template":"","meta":{"footnotes":""},"class_list":["post-127","page","type-page","status-publish","hentry"],"yoast_head":"<!-- This site is optimized with the Yoast SEO plugin v20.5 - https:\/\/yoast.com\/wordpress\/plugins\/seo\/ -->\n<title>Capacitaci\u00f3n y Certificaci\u00f3n - fmactiv<\/title>\n<meta name=\"description\" content=\"Profeshzional es un programa de Desarrollo Profesional y Humano de FMACTIV que ofrece capacitaci\u00f3n, certificaci\u00f3n y\/o asesor\u00eda\" \/>\n<meta name=\"robots\" content=\"index, follow, max-snippet:-1, max-video-preview:-1, noimageindex\" \/>\n<link rel=\"canonical\" href=\"https:\/\/fmactiv.org\/index.php\/capacitacion-y-certificacion\/\" \/>\n<meta property=\"og:locale\" content=\"es_ES\" \/>\n<meta property=\"og:type\" content=\"article\" \/>\n<meta property=\"og:title\" content=\"capacitaci\u00f3n y certificaci\u00f3n fmactiv\" \/>\n<meta property=\"og:description\" content=\"Profeshzional es un programa de Desarrollo Profesional y Humano de FMACTIV que ofrece capacitaci\u00f3n, certificaci\u00f3n y\/o asesor\u00eda dirigido a trabajadores, profesionales, microempresas y centros en el segmento de experiencias\" \/>\n<meta property=\"og:url\" content=\"https:\/\/fmactiv.org\/index.php\/capacitacion-y-certificacion\/\" \/>\n<meta property=\"og:site_name\" content=\"fmactiv\" \/>\n<meta property=\"article:modified_time\" content=\"2023-04-25T02:05:20+00:00\" \/>\n<meta property=\"og:image\" content=\"https:\/\/fmactiv.org\/wp-content\/uploads\/2023\/04\/profezional.jpeg\" \/>\n\t<meta property=\"og:image:width\" content=\"1600\" \/>\n\t<meta property=\"og:image:height\" content=\"463\" \/>\n\t<meta property=\"og:image:type\" content=\"image\/jpeg\" \/>\n<meta name=\"twitter:card\" content=\"summary_large_image\" \/>\n<meta name=\"twitter:title\" content=\"capacitaci\u00f3n y certificaci\u00f3n fmactiv\" \/>\n<meta name=\"twitter:description\" content=\"Profeshzional es un programa de Desarrollo Profesional y Humano de FMACTIV que ofrece capacitaci\u00f3n, certificaci\u00f3n y\/o asesor\u00eda dirigido a trabajadores, profesionales, microempresas y centros en el segmento de experiencias\" \/>\n<meta name=\"twitter:image\" content=\"https:\/\/fmactiv.org\/wp-content\/uploads\/2023\/04\/profezional.jpeg\" \/>\n<meta name=\"twitter:label1\" content=\"Tiempo de lectura\" \/>\n\t<meta name=\"twitter:data1\" content=\"5 minutos\" \/>\n<script type=\"application\/ld+json\" class=\"yoast-schema-graph\">{\"@context\":\"https:\/\/schema.org\",\"@graph\":[{\"@type\":\"WebPage\",\"@id\":\"https:\/\/fmactiv.org\/index.php\/capacitacion-y-certificacion\/\",\"url\":\"https:\/\/fmactiv.org\/index.php\/capacitacion-y-certificacion\/\",\"name\":\"Capacitaci\u00f3n y Certificaci\u00f3n - fmactiv\",\"isPartOf\":{\"@id\":\"https:\/\/fmactiv.org\/#website\"},\"datePublished\":\"2023-04-21T00:54:45+00:00\",\"dateModified\":\"2023-04-25T02:05:20+00:00\",\"description\":\"Profeshzional es un programa de Desarrollo Profesional y Humano de FMACTIV que ofrece capacitaci\u00f3n, certificaci\u00f3n y\/o asesor\u00eda\",\"breadcrumb\":{\"@id\":\"https:\/\/fmactiv.org\/index.php\/capacitacion-y-certificacion\/#breadcrumb\"},\"inLanguage\":\"es\",\"potentialAction\":[{\"@type\":\"ReadAction\",\"target\":[\"https:\/\/fmactiv.org\/index.php\/capacitacion-y-certificacion\/\"]}]},{\"@type\":\"BreadcrumbList\",\"@id\":\"https:\/\/fmactiv.org\/index.php\/capacitacion-y-certificacion\/#breadcrumb\",\"itemListElement\":[{\"@type\":\"ListItem\",\"position\":1,\"name\":\"Portada\",\"item\":\"https:\/\/fmactiv.org\/\"},{\"@type\":\"ListItem\",\"position\":2,\"name\":\"capacitaci\u00f3n, certificaci\u00f3n, fmactiv, federaci\u00f3n mexicana de actividades\"}]},{\"@type\":\"WebSite\",\"@id\":\"https:\/\/fmactiv.org\/#website\",\"url\":\"https:\/\/fmactiv.org\/\",\"name\":\"fmactiv\",\"description\":\"\",\"publisher\":{\"@id\":\"https:\/\/fmactiv.org\/#organization\"},\"potentialAction\":[{\"@type\":\"SearchAction\",\"target\":{\"@type\":\"EntryPoint\",\"urlTemplate\":\"https:\/\/fmactiv.org\/?s={search_term_string}\"},\"query-input\":\"required name=search_term_string\"}],\"inLanguage\":\"es\"},{\"@type\":\"Organization\",\"@id\":\"https:\/\/fmactiv.org\/#organization\",\"name\":\"fmactiv\",\"url\":\"https:\/\/fmactiv.org\/\",\"logo\":{\"@type\":\"ImageObject\",\"inLanguage\":\"es\",\"@id\":\"https:\/\/fmactiv.org\/#\/schema\/logo\/image\/\",\"url\":\"https:\/\/fmactiv.org\/wp-content\/uploads\/2025\/07\/900.jpg\",\"contentUrl\":\"https:\/\/fmactiv.org\/wp-content\/uploads\/2025\/07\/900.jpg\",\"width\":900,\"height\":333,\"caption\":\"fmactiv\"},\"image\":{\"@id\":\"https:\/\/fmactiv.org\/#\/schema\/logo\/image\/\"}}]}<\/script>\n<!-- \/ Yoast SEO plugin. -->","yoast_head_json":{"title":"Capacitaci\u00f3n y Certificaci\u00f3n - fmactiv","description":"Profeshzional es un programa de Desarrollo Profesional y Humano de FMACTIV que ofrece capacitaci\u00f3n, certificaci\u00f3n y\/o asesor\u00eda","robots":{"index":"index","follow":"follow","max-snippet":"max-snippet:-1","max-video-preview":"max-video-preview:-1","imageindex":"noimageindex"},"canonical":"https:\/\/fmactiv.org\/index.php\/capacitacion-y-certificacion\/","og_locale":"es_ES","og_type":"article","og_title":"capacitaci\u00f3n y certificaci\u00f3n fmactiv","og_description":"Profeshzional es un programa de Desarrollo Profesional y Humano de FMACTIV que ofrece capacitaci\u00f3n, certificaci\u00f3n y\/o asesor\u00eda dirigido a trabajadores, profesionales, microempresas y centros en el segmento de experiencias","og_url":"https:\/\/fmactiv.org\/index.php\/capacitacion-y-certificacion\/","og_site_name":"fmactiv","article_modified_time":"2023-04-25T02:05:20+00:00","og_image":[{"width":1600,"height":463,"url":"https:\/\/fmactiv.org\/wp-content\/uploads\/2023\/04\/profezional.jpeg","type":"image\/jpeg"}],"twitter_card":"summary_large_image","twitter_title":"capacitaci\u00f3n y certificaci\u00f3n fmactiv","twitter_description":"Profeshzional es un programa de Desarrollo Profesional y Humano de FMACTIV que ofrece capacitaci\u00f3n, certificaci\u00f3n y\/o asesor\u00eda dirigido a trabajadores, profesionales, microempresas y centros en el segmento de experiencias","twitter_image":"https:\/\/fmactiv.org\/wp-content\/uploads\/2023\/04\/profezional.jpeg","twitter_misc":{"Tiempo de lectura":"5 minutos"},"schema":{"@context":"https:\/\/schema.org","@graph":[{"@type":"WebPage","@id":"https:\/\/fmactiv.org\/index.php\/capacitacion-y-certificacion\/","url":"https:\/\/fmactiv.org\/index.php\/capacitacion-y-certificacion\/","name":"Capacitaci\u00f3n y Certificaci\u00f3n - fmactiv","isPartOf":{"@id":"https:\/\/fmactiv.org\/#website"},"datePublished":"2023-04-21T00:54:45+00:00","dateModified":"2023-04-25T02:05:20+00:00","description":"Profeshzional es un programa de Desarrollo Profesional y Humano de FMACTIV que ofrece capacitaci\u00f3n, certificaci\u00f3n y\/o asesor\u00eda","breadcrumb":{"@id":"https:\/\/fmactiv.org\/index.php\/capacitacion-y-certificacion\/#breadcrumb"},"inLanguage":"es","potentialAction":[{"@type":"ReadAction","target":["https:\/\/fmactiv.org\/index.php\/capacitacion-y-certificacion\/"]}]},{"@type":"BreadcrumbList","@id":"https:\/\/fmactiv.org\/index.php\/capacitacion-y-certificacion\/#breadcrumb","itemListElement":[{"@type":"ListItem","position":1,"name":"Portada","item":"https:\/\/fmactiv.org\/"},{"@type":"ListItem","position":2,"name":"capacitaci\u00f3n, certificaci\u00f3n, fmactiv, federaci\u00f3n mexicana de actividades"}]},{"@type":"WebSite","@id":"https:\/\/fmactiv.org\/#website","url":"https:\/\/fmactiv.org\/","name":"fmactiv","description":"","publisher":{"@id":"https:\/\/fmactiv.org\/#organization"},"potentialAction":[{"@type":"SearchAction","target":{"@type":"EntryPoint","urlTemplate":"https:\/\/fmactiv.org\/?s={search_term_string}"},"query-input":"required name=search_term_string"}],"inLanguage":"es"},{"@type":"Organization","@id":"https:\/\/fmactiv.org\/#organization","name":"fmactiv","url":"https:\/\/fmactiv.org\/","logo":{"@type":"ImageObject","inLanguage":"es","@id":"https:\/\/fmactiv.org\/#\/schema\/logo\/image\/","url":"https:\/\/fmactiv.org\/wp-content\/uploads\/2025\/07\/900.jpg","contentUrl":"https:\/\/fmactiv.org\/wp-content\/uploads\/2025\/07\/900.jpg","width":900,"height":333,"caption":"fmactiv"},"image":{"@id":"https:\/\/fmactiv.org\/#\/schema\/logo\/image\/"}}]}},"_links":{"self":[{"href":"https:\/\/fmactiv.org\/index.php\/wp-json\/wp\/v2\/pages\/127","targetHints":{"allow":["GET"]}}],"collection":[{"href":"https:\/\/fmactiv.org\/index.php\/wp-json\/wp\/v2\/pages"}],"about":[{"href":"https:\/\/fmactiv.org\/index.php\/wp-json\/wp\/v2\/types\/page"}],"author":[{"embeddable":true,"href":"https:\/\/fmactiv.org\/index.php\/wp-json\/wp\/v2\/users\/1"}],"replies":[{"embeddable":true,"href":"https:\/\/fmactiv.org\/index.php\/wp-json\/wp\/v2\/comments?post=127"}],"version-history":[{"count":12,"href":"https:\/\/fmactiv.org\/index.php\/wp-json\/wp\/v2\/pages\/127\/revisions"}],"predecessor-version":[{"id":265,"href":"https:\/\/fmactiv.org\/index.php\/wp-json\/wp\/v2\/pages\/127\/revisions\/265"}],"wp:attachment":[{"href":"https:\/\/fmactiv.org\/index.php\/wp-json\/wp\/v2\/media?parent=127"}],"curies":[{"name":"wp","href":"https:\/\/api.w.org\/{rel}","templated":true}]}}